{"id":19,"date":"2024-01-10T07:31:35","date_gmt":"2024-01-10T06:31:35","guid":{"rendered":"https:\/\/fomea.fr\/?page_id=19"},"modified":"2024-05-21T12:21:30","modified_gmt":"2024-05-21T10:21:30","slug":"mediagraphie","status":"publish","type":"page","link":"https:\/\/fomea.fr\/?page_id=19","title":{"rendered":"Mediagraphie"},"content":{"rendered":"\n<p>Titre : Pour une \u00e9conomie alternative et solidaire<br>Auteur : Collectif MB2. Dirig\u00e9 par \u00c9ric Dacheux<br>\u00c9diteur : Harmattan<br>Ann\u00e9e : 2002<\/p>\n\n\n\n<p>Titre : L\u2019\u00e9conomie sociale, une alternative plan\u00e9taire.<br>Auteur : Thierry Jeantet, Jean-Philippe Poulnot<br>\u00c9diteur : Charles L\u00e9opold Mayer<br>Ann\u00e9e : 2007<\/p>\n\n\n\n<p>Titre : Notre condition. Essai sur le salaire au travail artistique<br>Auteur : Aur\u00e9lien Catin<br>\u00c9diteur : Riot<br>Ann\u00e9e : 2020<\/p>\n\n\n\n<p>Titre : L\u2019\u00e9conomie contre elle-m\u00eame. Vers un art anti-capitaliste de l&rsquo;\u00e9v\u00e9nement<br>Auteur : Brian Massumi<br>Traduit de l&rsquo;anglais par Armelle Chr\u00e9tien<br>\u00c9diteur : Lux<br>Ann\u00e9e : 2018<\/p>\n\n\n\n<p>Titre : \u00c9conomie circulaire. Syst\u00e8me \u00e9conomique et finitude des ressources<br>Auteur : Vincent Aurez, Laurent Georgeault<br>\u00c9diteur : Deboeck Sup\u00e9rieur<br>Ann\u00e9e : 2019<\/p>\n\n\n\n<p>Titre : \u00c9conomie sociale et solidaire<br>Auteur : Am\u00e9lie Artis, Fran\u00e7oise Bernon, H\u00e9l\u00e8ne Bonvalot, Fanny Darbus, \u00c9lise Dubetz et al. Sous la direction de : Robert Holcman.<br>\u00c9diteur : Dunod<br>Ann\u00e9e : 2015<\/p>\n\n\n\n<p>Titre : L&rsquo;\u00c9conomie bleue 3.0<br>Auteur : Gunter Pauli<br>\u00c9diteur : L&rsquo;observatoire Eds De<br>Ann\u00e9e : 2019<\/p>\n","protected":false},"excerpt":{"rendered":"<p>Titre : Pour une \u00e9conomie alternative et solidaireAuteur : Collectif MB2. Dirig\u00e9 par \u00c9ric Dacheux\u00c9diteur : HarmattanAnn\u00e9e : 2002 Titre : L\u2019\u00e9conomie sociale, une alternative plan\u00e9taire.Auteur : Thierry Jeantet, Jean-Philippe Poulnot\u00c9diteur : Charles L\u00e9opold MayerAnn\u00e9e : 2007 Titre : Notre condition. Essai sur le salaire au travail artistiqueAuteur : Aur\u00e9lien Catin\u00c9diteur : RiotAnn\u00e9e : 2020 [&hellip;]<\/p>\n","protected":false},"author":1,"featured_media":0,"parent":0,"menu_order":0,"comment_status":"closed","ping_status":"closed","template":"","meta":{"_monsterinsights_skip_tracking":false,"_monsterinsights_sitenote_active":false,"_monsterinsights_sitenote_note":"","_monsterinsights_sitenote_category":0,"footnotes":""},"blocksy_meta":[],"aioseo_notices":[],"yoast_head":"<!-- This site is optimized with the Yoast SEO plugin v21.8 - https:\/\/yoast.com\/wordpress\/plugins\/seo\/ -->\n<title>Mediagraphie - Fom\u00e9A<\/title>\n<meta name=\"robots\" content=\"index, follow, max-snippet:-1, max-image-preview:large, max-video-preview:-1\" \/>\n<link rel=\"canonical\" href=\"https:\/\/fomea.fr\/?page_id=19\" \/>\n<meta property=\"og:locale\" content=\"fr_FR\" \/>\n<meta property=\"og:type\" content=\"article\" \/>\n<meta property=\"og:title\" content=\"Mediagraphie - Fom\u00e9A\" \/>\n<meta property=\"og:description\" content=\"Titre : Pour une \u00e9conomie alternative et solidaireAuteur : Collectif MB2. Dirig\u00e9 par \u00c9ric Dacheux\u00c9diteur : HarmattanAnn\u00e9e : 2002 Titre : L\u2019\u00e9conomie sociale, une alternative plan\u00e9taire.Auteur : Thierry Jeantet, Jean-Philippe Poulnot\u00c9diteur : Charles L\u00e9opold MayerAnn\u00e9e : 2007 Titre : Notre condition. Essai sur le salaire au travail artistiqueAuteur : Aur\u00e9lien Catin\u00c9diteur : RiotAnn\u00e9e : 2020 [&hellip;]\" \/>\n<meta property=\"og:url\" content=\"https:\/\/fomea.fr\/?page_id=19\" \/>\n<meta property=\"og:site_name\" content=\"Fom\u00e9A\" \/>\n<meta property=\"article:modified_time\" content=\"2024-05-21T10:21:30+00:00\" \/>\n<meta name=\"twitter:card\" content=\"summary_large_image\" \/>\n<meta name=\"twitter:label1\" content=\"Dur\u00e9e de lecture estim\u00e9e\" \/>\n\t<meta name=\"twitter:data1\" content=\"1 minute\" \/>\n<script type=\"application\/ld+json\" class=\"yoast-schema-graph\">{\"@context\":\"https:\/\/schema.org\",\"@graph\":[{\"@type\":\"WebPage\",\"@id\":\"https:\/\/fomea.fr\/?page_id=19\",\"url\":\"https:\/\/fomea.fr\/?page_id=19\",\"name\":\"Mediagraphie - Fom\u00e9A\",\"isPartOf\":{\"@id\":\"https:\/\/fomea.fr\/#website\"},\"datePublished\":\"2024-01-10T06:31:35+00:00\",\"dateModified\":\"2024-05-21T10:21:30+00:00\",\"breadcrumb\":{\"@id\":\"https:\/\/fomea.fr\/?page_id=19#breadcrumb\"},\"inLanguage\":\"fr-FR\",\"potentialAction\":[{\"@type\":\"ReadAction\",\"target\":[\"https:\/\/fomea.fr\/?page_id=19\"]}]},{\"@type\":\"BreadcrumbList\",\"@id\":\"https:\/\/fomea.fr\/?page_id=19#breadcrumb\",\"itemListElement\":[{\"@type\":\"ListItem\",\"position\":1,\"name\":\"Accueil\",\"item\":\"https:\/\/fomea.fr\/\"},{\"@type\":\"ListItem\",\"position\":2,\"name\":\"Mediagraphie\"}]},{\"@type\":\"WebSite\",\"@id\":\"https:\/\/fomea.fr\/#website\",\"url\":\"https:\/\/fomea.fr\/\",\"name\":\"Fom\u00e9A\",\"description\":\"Forum mondial des \u00e9conomies de l&#039;Art\",\"potentialAction\":[{\"@type\":\"SearchAction\",\"target\":{\"@type\":\"EntryPoint\",\"urlTemplate\":\"https:\/\/fomea.fr\/?s={search_term_string}\"},\"query-input\":\"required name=search_term_string\"}],\"inLanguage\":\"fr-FR\"}]}<\/script>\n<!-- \/ Yoast SEO plugin. -->","yoast_head_json":{"title":"Mediagraphie - Fom\u00e9A","robots":{"index":"index","follow":"follow","max-snippet":"max-snippet:-1","max-image-preview":"max-image-preview:large","max-video-preview":"max-video-preview:-1"},"canonical":"https:\/\/fomea.fr\/?page_id=19","og_locale":"fr_FR","og_type":"article","og_title":"Mediagraphie - Fom\u00e9A","og_description":"Titre : Pour une \u00e9conomie alternative et solidaireAuteur : Collectif MB2. Dirig\u00e9 par \u00c9ric Dacheux\u00c9diteur : HarmattanAnn\u00e9e : 2002 Titre : L\u2019\u00e9conomie sociale, une alternative plan\u00e9taire.Auteur : Thierry Jeantet, Jean-Philippe Poulnot\u00c9diteur : Charles L\u00e9opold MayerAnn\u00e9e : 2007 Titre : Notre condition. Essai sur le salaire au travail artistiqueAuteur : Aur\u00e9lien Catin\u00c9diteur : RiotAnn\u00e9e : 2020 [&hellip;]","og_url":"https:\/\/fomea.fr\/?page_id=19","og_site_name":"Fom\u00e9A","article_modified_time":"2024-05-21T10:21:30+00:00","twitter_card":"summary_large_image","twitter_misc":{"Dur\u00e9e de lecture estim\u00e9e":"1 minute"},"schema":{"@context":"https:\/\/schema.org","@graph":[{"@type":"WebPage","@id":"https:\/\/fomea.fr\/?page_id=19","url":"https:\/\/fomea.fr\/?page_id=19","name":"Mediagraphie - Fom\u00e9A","isPartOf":{"@id":"https:\/\/fomea.fr\/#website"},"datePublished":"2024-01-10T06:31:35+00:00","dateModified":"2024-05-21T10:21:30+00:00","breadcrumb":{"@id":"https:\/\/fomea.fr\/?page_id=19#breadcrumb"},"inLanguage":"fr-FR","potentialAction":[{"@type":"ReadAction","target":["https:\/\/fomea.fr\/?page_id=19"]}]},{"@type":"BreadcrumbList","@id":"https:\/\/fomea.fr\/?page_id=19#breadcrumb","itemListElement":[{"@type":"ListItem","position":1,"name":"Accueil","item":"https:\/\/fomea.fr\/"},{"@type":"ListItem","position":2,"name":"Mediagraphie"}]},{"@type":"WebSite","@id":"https:\/\/fomea.fr\/#website","url":"https:\/\/fomea.fr\/","name":"Fom\u00e9A","description":"Forum mondial des \u00e9conomies de l&#039;Art","potentialAction":[{"@type":"SearchAction","target":{"@type":"EntryPoint","urlTemplate":"https:\/\/fomea.fr\/?s={search_term_string}"},"query-input":"required name=search_term_string"}],"inLanguage":"fr-FR"}]}},"_links":{"self":[{"href":"https:\/\/fomea.fr\/index.php?rest_route=\/wp\/v2\/pages\/19"}],"collection":[{"href":"https:\/\/fomea.fr\/index.php?rest_route=\/wp\/v2\/pages"}],"about":[{"href":"https:\/\/fomea.fr\/index.php?rest_route=\/wp\/v2\/types\/page"}],"author":[{"embeddable":true,"href":"https:\/\/fomea.fr\/index.php?rest_route=\/wp\/v2\/users\/1"}],"replies":[{"embeddable":true,"href":"https:\/\/fomea.fr\/index.php?rest_route=%2Fwp%2Fv2%2Fcomments&post=19"}],"version-history":[{"count":2,"href":"https:\/\/fomea.fr\/index.php?rest_route=\/wp\/v2\/pages\/19\/revisions"}],"predecessor-version":[{"id":441,"href":"https:\/\/fomea.fr\/index.php?rest_route=\/wp\/v2\/pages\/19\/revisions\/441"}],"wp:attachment":[{"href":"https:\/\/fomea.fr\/index.php?rest_route=%2Fwp%2Fv2%2Fmedia&parent=19"}],"curies":[{"name":"wp","href":"https:\/\/api.w.org\/{rel}","templated":true}]}}

<p>Titre : Pour une économie alternative et solidaire<br>Auteur : Collectif MB2. Dirigé par Éric Dacheux<br>Éditeur : Harmattan<br>Année : 2002</p>



<p>Titre : L’économie sociale, une alternative planétaire.<br>Auteur : Thierry Jeantet, Jean-Philippe Poulnot<br>Éditeur : Charles Léopold Mayer<br>Année : 2007</p>



<p>Titre : Notre condition. Essai sur le salaire au travail artistique<br>Auteur : Aurélien Catin<br>Éditeur : Riot<br>Année : 2020</p>



<p>Titre : L’économie contre elle-même. Vers un art anti-capitaliste de l&rsquo;événement<br>Auteur : Brian Massumi<br>Traduit de l&rsquo;anglais par Armelle Chrétien<br>Éditeur : Lux<br>Année : 2018</p>



<p>Titre : Économie circulaire. Système économique et finitude des ressources<br>Auteur : Vincent Aurez, Laurent Georgeault<br>Éditeur : Deboeck Supérieur<br>Année : 2019</p>



<p>Titre : Économie sociale et solidaire<br>Auteur : Amélie Artis, Françoise Bernon, Hélène Bonvalot, Fanny Darbus, Élise Dubetz et al. Sous la direction de : Robert Holcman.<br>Éditeur : Dunod<br>Année : 2015</p>



<p>Titre : L&rsquo;Économie bleue 3.0<br>Auteur : Gunter Pauli<br>Éditeur : L&rsquo;observatoire Eds De<br>Année : 2019</p>

<p>Titre : Pour une économie alternative et solidaireAuteur : Collectif MB2. Dirigé par Éric DacheuxÉditeur : HarmattanAnnée : 2002 Titre : L’économie sociale, une alternative planétaire.Auteur : Thierry Jeantet, Jean-Philippe PoulnotÉditeur : Charles Léopold MayerAnnée : 2007 Titre : Notre condition. Essai sur le salaire au travail artistiqueAuteur : Aurélien CatinÉditeur : RiotAnnée : 2020 [&hellip;]</p>

<!-- This site is optimized with the Yoast SEO plugin v21.8 - https://yoast.com/wordpress/plugins/seo/ -->
<title>Mediagraphie - FoméA</title>
<meta name="robots" content="index, follow, max-snippet:-1, max-image-preview:large, max-video-preview:-1" />
<link rel="canonical" href="https://fomea.fr/?page_id=19" />
<meta property="og:locale" content="fr_FR" />
<meta property="og:type" content="article" />
<meta property="og:title" content="Mediagraphie - FoméA" />
<meta property="og:description" content="Titre : Pour une économie alternative et solidaireAuteur : Collectif MB2. Dirigé par Éric DacheuxÉditeur : HarmattanAnnée : 2002 Titre : L’économie sociale, une alternative planétaire.Auteur : Thierry Jeantet, Jean-Philippe PoulnotÉditeur : Charles Léopold MayerAnnée : 2007 Titre : Notre condition. Essai sur le salaire au travail artistiqueAuteur : Aurélien CatinÉditeur : RiotAnnée : 2020 [&hellip;]" />
<meta property="og:url" content="https://fomea.fr/?page_id=19" />
<meta property="og:site_name" content="FoméA" />
<meta property="article:modified_time" content="2024-05-21T10:21:30+00:00" />
<meta name="twitter:card" content="summary_large_image" />
<meta name="twitter:label1" content="Durée de lecture estimée" />
	<meta name="twitter:data1" content="1 minute" />
<script type="application/ld+json" class="yoast-schema-graph">{"@context":"https://schema.org","@graph":[{"@type":"WebPage","@id":"https://fomea.fr/?page_id=19","url":"https://fomea.fr/?page_id=19","name":"Mediagraphie - FoméA","isPartOf":{"@id":"https://fomea.fr/#website"},"datePublished":"2024-01-10T06:31:35+00:00","dateModified":"2024-05-21T10:21:30+00:00","breadcrumb":{"@id":"https://fomea.fr/?page_id=19#breadcrumb"},"inLanguage":"fr-FR","potentialAction":[{"@type":"ReadAction","target":["https://fomea.fr/?page_id=19"]}]},{"@type":"BreadcrumbList","@id":"https://fomea.fr/?page_id=19#breadcrumb","itemListElement":[{"@type":"ListItem","position":1,"name":"Accueil","item":"https://fomea.fr/"},{"@type":"ListItem","position":2,"name":"Mediagraphie"}]},{"@type":"WebSite","@id":"https://fomea.fr/#website","url":"https://fomea.fr/","name":"FoméA","description":"Forum mondial des économies de l&#039;Art","potentialAction":[{"@type":"SearchAction","target":{"@type":"EntryPoint","urlTemplate":"https://fomea.fr/?s={search_term_string}"},"query-input":"required name=search_term_string"}],"inLanguage":"fr-FR"}]}</script>
<!-- / Yoast SEO plugin. -->

Mediagraphie - FoméA

Titre : Pour une économie alternative et solidaireAuteur : Collectif MB2. Dirigé par Éric DacheuxÉditeur : HarmattanAnnée : 2002 Titre : L’économie sociale, une alternative planétaire.Auteur : Thierry Jeantet, Jean-Philippe PoulnotÉditeur : Charles Léopold MayerAnnée : 2007 Titre : Notre condition. Essai sur le salaire au travail artistiqueAuteur : Aurélien CatinÉditeur : RiotAnnée : 2020 [&hellip;]

FoméA

Forum mondial des économies de l&#039;Art
