{"id":2,"date":"2023-12-18T16:07:25","date_gmt":"2023-12-18T15:07:25","guid":{"rendered":"http:\/\/fomea.fr\/?page_id=2"},"modified":"2024-07-09T11:28:24","modified_gmt":"2024-07-09T09:28:24","slug":"page-d-exemple","status":"publish","type":"page","link":"https:\/\/fomea.fr\/?page_id=2","title":{"rendered":"A propos"},"content":{"rendered":"\n<h2 class=\"wp-block-heading\" style=\"font-size:clamp(23.043px, 1.44rem + ((1vw - 3.2px) * 1.169), 38px);px;line-height:1.4\">L\u2019\u00e9conomie de l\u2019art ne se limite pas au syst\u00e8me triangulaire dominant : march\u00e9 de l\u2019art, m\u00e9c\u00e9nat, subventions. Des alternatives sont non seulement possibles, mais d\u00e9j\u00e0 en place.<\/h2>\n\n\n\n<div class=\"wp-block-columns is-layout-flex wp-container-core-columns-layout-1 wp-block-columns-is-layout-flex\">\n<div class=\"wp-block-column is-layout-flow wp-block-column-is-layout-flow\">\n<p>L\u2019\u00e9conomie de l\u2019art ne se limite pas au syst\u00e8me triangulaire dominant : march\u00e9 de l\u2019art, m\u00e9c\u00e9nat, subventions. Des alternatives sont non seulement possibles, mais d\u00e9j\u00e0 en place. Le Forum mondial des \u00e9conomies de l\u2019art (Fom\u00e9A) a \u00e9t\u00e9 cr\u00e9\u00e9 par la Biennale de Paris en 2018 pour faire connaitre des alternatives \u00e0 ce syst\u00e8me, souligner la d\u00e9pendance entre l\u2019art et l\u2019\u00e9conomie et les enjeux de leur relation.<\/p>\n\n\n\n<p>La premi\u00e8re \u00e9dition du forum s\u2019est d\u00e9roul\u00e9e du 22 au 24 juin 2018 \u00e0 l\u2019H\u00f4tel de Ville de Paris. La deuxi\u00e8me se d\u00e9roule \u00e0 Paris du 28 au 29 octobre 2024. La troisi\u00e8me \u00e0 Bangkok lors de la Biennale de Paris \u00e0 Bangkok entre le 21 et le 28 f\u00e9vrier 2025.<\/p>\n\n\n\n<p>Fom\u00e9A rassemble des artistes et d\u2019autres professionnels de l\u2019art, des sp\u00e9cialistes de l\u2019\u00e9conomie et des acteurs sociaux autour de plusieurs axes qui seront abord\u00e9s lors de conf\u00e9rences, tables rondes, discussions et incubateurs.<\/p>\n\n\n\n<p>Fom\u00e9A est le lieu o\u00f9 les artistes peuvent prendre connaissance de mod\u00e8les \u00e9conomiques alternatifs et formuler leurs propres mod\u00e8les \u00e9conomiques avec l\u2019aide des experts.<\/p>\n\n\n\n<p><strong>Le forum a \u00e9t\u00e9 cr\u00e9\u00e9 en r\u00e9ponse \u00e0 un contexte qui peut \u00eatre r\u00e9sum\u00e9 comme suit :<\/strong><\/p>\n\n\n\n<ul>\n<li>La plupart des artistes professionnels sont exclus du syst\u00e8me \u00e9conomique actuel, discriminatoire, archa\u00efque et d\u00e9connect\u00e9 de la r\u00e9alit\u00e9. Ce syst\u00e8me bas\u00e9 sur la s\u00e9lection et la raret\u00e9, favorise une poign\u00e9e d\u2019artistes au d\u00e9triment de la tr\u00e8s grande majorit\u00e9 ;<\/li>\n\n\n\n<li>Environ trois quarts des artistes professionnels vivent en-dessous du seuil de pauvret\u00e9, et notamment en France, Suisse, Belgique et Canada, bien que ces artistes aient des pratiques artistiques normalis\u00e9es, r\u00e9pondant parfaitement aux attentes du march\u00e9 de l\u2019art ;<\/li>\n\n\n\n<li>Le syst\u00e8me \u00e9conomique de l\u2019art, bas\u00e9 sur le march\u00e9 de l\u2019art, les subventions et le m\u00e9c\u00e9nat, assujettit les artistes et favorise des formes d\u2019art standardis\u00e9es, poussant l\u2019art \u00e0 \u00eatre de plus en plus uniforme, et finalement de moins en moins art ;<\/li>\n\n\n\n<li>Le march\u00e9 de l\u2019art \u00e9touffe la libert\u00e9 de cr\u00e9ation en orientant l\u2019art dans une direction qui est celle de ses propres int\u00e9r\u00eats, au lieu de laisser l\u2019art prendre des directions impr\u00e9visibles, impuls\u00e9e par les artistes, seules l\u00e9gitimes dans l\u2019art ;<\/li>\n\n\n\n<li>Les artistes proposant de nouvelles formes d\u2019art sont totalement exclus du march\u00e9 de l\u2019art, des subventions et du m\u00e9c\u00e9nat, sans l\u00e9gitimit\u00e9 ni comp\u00e9tences, pour \u00e9valuer une pratique artistique en tant qu\u2019art.<\/li>\n<\/ul>\n\n\n\n<p><strong>Cette situation r\u00e9sulte de plusieurs facteurs :<\/strong><\/p>\n\n\n\n<ul>\n<li>Les artistes se consid\u00e8rent comme des \u00eatres \u00e0 part, et pensent que l\u2019\u00e9conomie doit rester s\u00e9par\u00e9e de leur art ;<\/li>\n\n\n\n<li>Ils se soumettent au syst\u00e8me \u00e9conomique actuel et \u00e0 un r\u00e9gime de pr\u00e9carit\u00e9 financi\u00e8re, dans lequel ils sont habitu\u00e9 \u00e0 survivre, et qu\u2019ils finissent par consid\u00e9rer comme normal ;<\/li>\n\n\n\n<li>Ils se d\u00e9responsabilisent et d\u00e9l\u00e8guent l\u2019\u00e9conomie de leur art \u00e0 des tiers, agents du syst\u00e8me dominant : marchands, collectionneurs, agences, galeristes\u2026 ;<\/li>\n\n\n\n<li>L\u2019absence d\u2019organisation des artistes en syndicats ou f\u00e9d\u00e9rations leur donnant la possibilit\u00e9 d\u2019avoir une capacit\u00e9 d\u2019influence sur les d\u00e9cideurs politiques et \u00e9conomiques, \u00e0 l\u2019origine de l\u2019absence de changement ;<\/li>\n\n\n\n<li>L\u2019inaction des responsables politiques, incapables de cr\u00e9er des lois contraignantes, permettant d\u2019offrir aux artistes un statut \u00e9conomique et social minimum et durable ;<\/li>\n\n\n\n<li>Le manque de consid\u00e9ration pour les artistes dans la soci\u00e9t\u00e9, qui dans l\u2019inconscient public sont consid\u00e9r\u00e9s comme des personnes dot\u00e9es de talent et de g\u00e9nie, devant travailler sans r\u00e9mun\u00e9ration, vivre dans la pr\u00e9carit\u00e9 et la souffrance, pour qu\u2019apr\u00e8s leur mort soient pris en consid\u00e9ration et valoris\u00e9s symboliquement et financi\u00e8rement ;<\/li>\n\n\n\n<li>L\u2019imperm\u00e9abilit\u00e9 du syst\u00e8me du march\u00e9 de l\u2019art, du m\u00e9c\u00e9nat et des subventions, aux pratiques sortant des crit\u00e8res artistiques fix\u00e9s comme des r\u00e9f\u00e9rences, de surcro\u00eet par des non artistes.<\/li>\n<\/ul>\n<\/div>\n\n\n\n<div class=\"wp-block-column is-layout-flow wp-block-column-is-layout-flow\">\n<h4 class=\"wp-block-heading\">Axes.<\/h4>\n\n\n\n<p><strong>1. Prise de conscience de l\u2019influence de l\u2019\u00e9conomie sur l\u2019art<\/strong>.<br>Cet axe est consacr\u00e9 \u00e0 des analyses visant \u00e0 comprendre l\u2019influence de l\u2019\u00e9conomie sur les pratiques artistiques et sur la d\u00e9finition m\u00eame de l\u2019art. Il s\u2019agit de constater la relation \u00e9troite entre l\u2019art et l\u2019\u00e9conomie, la soumission des artistes et de l&rsquo;art \u00e0 l\u2019\u00e9conomie dominante, et la n\u00e9cessit\u00e9 pour les artistes de prendre en charge la dimension \u00e9conomique de leur art.<\/p>\n\n\n\n<p><strong>2. Critique du syst\u00e8me \u00e9conomique existant<\/strong>.<br>Cet axe regroupe des contributions visant \u00e0 critiquer le syst\u00e8me \u00e9conomique existant et son fonctionnement, compos\u00e9 de trois mod\u00e8les dominants : le march\u00e9 de l\u2019art, le m\u00e9c\u00e9nat et les subventions.<\/p>\n\n\n\n<p><strong>3. N\u00e9cessit\u00e9 de sortir du syst\u00e8me existant<\/strong>.<br>Cet axe permet de r\u00e9aliser que ne pas sortir du syst\u00e8me existant revient \u00e0 accepter son influence, ainsi que l\u2019absence de possibilit\u00e9 d\u2019\u00e9mergence de nouvelles formes d\u2019art, ce qui \u00e9quivaut \u00e0 accepter l\u2019absence d\u2019art.<\/p>\n\n\n\n<p><strong>4. Mod\u00e8les \u00e9conomiques existant en dehors du domaine de l\u2019art<\/strong>.<br>Cet axe permet de constater qu\u2019il existe une quarantaine de mod\u00e8les \u00e9conomiques alternatifs tels que l\u2019\u00e9conomie sociale et solidaire, l\u2019\u00e9conomie bleue, l\u2019\u00e9conomie circulaire, etc. Il s\u2019agira de prendre connaissance de ces mod\u00e8les et de voir en quoi ils peuvent \u00eatre inspirants pour les artistes dans leur recherche d\u2019un mod\u00e8le \u00e9conomique adapt\u00e9 \u00e0 leur pratique.<\/p>\n\n\n\n<p><strong>5. Mod\u00e8les \u00e9conomiques dans l\u2019art parall\u00e8les au syst\u00e8me existant<\/strong>.<br>Cet axe met en avant des artistes ayant d\u00e9velopp\u00e9 des \u00e9conomies alternatives au march\u00e9, aux subventions et au m\u00e9c\u00e9nat. Leurs mod\u00e8les \u00e9conomiques sont le plus souvent, inspir\u00e9s des mod\u00e8les existant en dehors du domaine de l\u2019art.<\/p>\n\n\n\n<p><strong>6. Incubateur de mod\u00e8les \u00e9conomiques adapt\u00e9s \u00e0 des pratiques affranchies des normes de l\u2019art<\/strong>.<br>Cet axe regroupe des ateliers permettant aux artistes d\u2019\u00e9laborer des mod\u00e8les \u00e9conomiques adapt\u00e9s \u00e0 leurs pratiques. Pour les institutions qui y participent, il s\u2019agira de diversifier leurs sources de financement.<br><br><strong>7. Laboratoire de cr\u00e9ation de pratiques artistiques \u00e0 partir de mod\u00e8les \u00e9conomiques existant en dehors du domaine de l\u2019art<\/strong>.<br>Cet axe est compos\u00e9 d\u2019ateliers permettant de formuler des pratiques artistiques singuli\u00e8res \u00e0 partir de mod\u00e8les \u00e9conomiques existant en dehors du secteur de l\u2019art. Il explore la possibilit\u00e9 de devenir artiste \u00e0 partir de l\u2019\u00e9conomie.<\/p>\n<\/div>\n<\/div>\n\n\n\n<p>&#8211;<\/p>\n","protected":false},"excerpt":{"rendered":"<p>L\u2019\u00e9conomie de l\u2019art ne se limite pas au syst\u00e8me triangulaire dominant : march\u00e9 de l\u2019art, m\u00e9c\u00e9nat, subventions. Des alternatives sont non seulement possibles, mais d\u00e9j\u00e0 en place. L\u2019\u00e9conomie de l\u2019art ne se limite pas au syst\u00e8me triangulaire dominant : march\u00e9 de l\u2019art, m\u00e9c\u00e9nat, subventions. Des alternatives sont non seulement possibles, mais d\u00e9j\u00e0 en place. Le [&hellip;]<\/p>\n","protected":false},"author":1,"featured_media":0,"parent":0,"menu_order":0,"comment_status":"closed","ping_status":"open","template":"","meta":{"_monsterinsights_skip_tracking":false,"_monsterinsights_sitenote_active":false,"_monsterinsights_sitenote_note":"","_monsterinsights_sitenote_category":0,"footnotes":""},"blocksy_meta":[],"aioseo_notices":[],"yoast_head":"<!-- This site is optimized with the Yoast SEO plugin v21.8 - https:\/\/yoast.com\/wordpress\/plugins\/seo\/ -->\n<title>A propos - Fom\u00e9A<\/title>\n<meta name=\"robots\" content=\"index, follow, max-snippet:-1, max-image-preview:large, max-video-preview:-1\" \/>\n<link rel=\"canonical\" href=\"https:\/\/fomea.fr\/?page_id=2\" \/>\n<meta property=\"og:locale\" content=\"fr_FR\" \/>\n<meta property=\"og:type\" content=\"article\" \/>\n<meta property=\"og:title\" content=\"A propos - Fom\u00e9A\" \/>\n<meta property=\"og:description\" content=\"L\u2019\u00e9conomie de l\u2019art ne se limite pas au syst\u00e8me triangulaire dominant : march\u00e9 de l\u2019art, m\u00e9c\u00e9nat, subventions. Des alternatives sont non seulement possibles, mais d\u00e9j\u00e0 en place. L\u2019\u00e9conomie de l\u2019art ne se limite pas au syst\u00e8me triangulaire dominant : march\u00e9 de l\u2019art, m\u00e9c\u00e9nat, subventions. Des alternatives sont non seulement possibles, mais d\u00e9j\u00e0 en place. Le [&hellip;]\" \/>\n<meta property=\"og:url\" content=\"https:\/\/fomea.fr\/?page_id=2\" \/>\n<meta property=\"og:site_name\" content=\"Fom\u00e9A\" \/>\n<meta property=\"article:modified_time\" content=\"2024-07-09T09:28:24+00:00\" \/>\n<meta name=\"twitter:card\" content=\"summary_large_image\" \/>\n<meta name=\"twitter:label1\" content=\"Dur\u00e9e de lecture estim\u00e9e\" \/>\n\t<meta name=\"twitter:data1\" content=\"5 minutes\" \/>\n<script type=\"application\/ld+json\" class=\"yoast-schema-graph\">{\"@context\":\"https:\/\/schema.org\",\"@graph\":[{\"@type\":\"WebPage\",\"@id\":\"https:\/\/fomea.fr\/?page_id=2\",\"url\":\"https:\/\/fomea.fr\/?page_id=2\",\"name\":\"A propos - Fom\u00e9A\",\"isPartOf\":{\"@id\":\"https:\/\/fomea.fr\/#website\"},\"datePublished\":\"2023-12-18T15:07:25+00:00\",\"dateModified\":\"2024-07-09T09:28:24+00:00\",\"breadcrumb\":{\"@id\":\"https:\/\/fomea.fr\/?page_id=2#breadcrumb\"},\"inLanguage\":\"fr-FR\",\"potentialAction\":[{\"@type\":\"ReadAction\",\"target\":[\"https:\/\/fomea.fr\/?page_id=2\"]}]},{\"@type\":\"BreadcrumbList\",\"@id\":\"https:\/\/fomea.fr\/?page_id=2#breadcrumb\",\"itemListElement\":[{\"@type\":\"ListItem\",\"position\":1,\"name\":\"Accueil\",\"item\":\"https:\/\/fomea.fr\/\"},{\"@type\":\"ListItem\",\"position\":2,\"name\":\"A propos\"}]},{\"@type\":\"WebSite\",\"@id\":\"https:\/\/fomea.fr\/#website\",\"url\":\"https:\/\/fomea.fr\/\",\"name\":\"Fom\u00e9A\",\"description\":\"Forum mondial des \u00e9conomies de l&#039;Art\",\"potentialAction\":[{\"@type\":\"SearchAction\",\"target\":{\"@type\":\"EntryPoint\",\"urlTemplate\":\"https:\/\/fomea.fr\/?s={search_term_string}\"},\"query-input\":\"required name=search_term_string\"}],\"inLanguage\":\"fr-FR\"}]}<\/script>\n<!-- \/ Yoast SEO plugin. -->","yoast_head_json":{"title":"A propos - Fom\u00e9A","robots":{"index":"index","follow":"follow","max-snippet":"max-snippet:-1","max-image-preview":"max-image-preview:large","max-video-preview":"max-video-preview:-1"},"canonical":"https:\/\/fomea.fr\/?page_id=2","og_locale":"fr_FR","og_type":"article","og_title":"A propos - Fom\u00e9A","og_description":"L\u2019\u00e9conomie de l\u2019art ne se limite pas au syst\u00e8me triangulaire dominant : march\u00e9 de l\u2019art, m\u00e9c\u00e9nat, subventions. Des alternatives sont non seulement possibles, mais d\u00e9j\u00e0 en place. L\u2019\u00e9conomie de l\u2019art ne se limite pas au syst\u00e8me triangulaire dominant : march\u00e9 de l\u2019art, m\u00e9c\u00e9nat, subventions. Des alternatives sont non seulement possibles, mais d\u00e9j\u00e0 en place. Le [&hellip;]","og_url":"https:\/\/fomea.fr\/?page_id=2","og_site_name":"Fom\u00e9A","article_modified_time":"2024-07-09T09:28:24+00:00","twitter_card":"summary_large_image","twitter_misc":{"Dur\u00e9e de lecture estim\u00e9e":"5 minutes"},"schema":{"@context":"https:\/\/schema.org","@graph":[{"@type":"WebPage","@id":"https:\/\/fomea.fr\/?page_id=2","url":"https:\/\/fomea.fr\/?page_id=2","name":"A propos - Fom\u00e9A","isPartOf":{"@id":"https:\/\/fomea.fr\/#website"},"datePublished":"2023-12-18T15:07:25+00:00","dateModified":"2024-07-09T09:28:24+00:00","breadcrumb":{"@id":"https:\/\/fomea.fr\/?page_id=2#breadcrumb"},"inLanguage":"fr-FR","potentialAction":[{"@type":"ReadAction","target":["https:\/\/fomea.fr\/?page_id=2"]}]},{"@type":"BreadcrumbList","@id":"https:\/\/fomea.fr\/?page_id=2#breadcrumb","itemListElement":[{"@type":"ListItem","position":1,"name":"Accueil","item":"https:\/\/fomea.fr\/"},{"@type":"ListItem","position":2,"name":"A propos"}]},{"@type":"WebSite","@id":"https:\/\/fomea.fr\/#website","url":"https:\/\/fomea.fr\/","name":"Fom\u00e9A","description":"Forum mondial des \u00e9conomies de l&#039;Art","potentialAction":[{"@type":"SearchAction","target":{"@type":"EntryPoint","urlTemplate":"https:\/\/fomea.fr\/?s={search_term_string}"},"query-input":"required name=search_term_string"}],"inLanguage":"fr-FR"}]}},"_links":{"self":[{"href":"https:\/\/fomea.fr\/index.php?rest_route=\/wp\/v2\/pages\/2"}],"collection":[{"href":"https:\/\/fomea.fr\/index.php?rest_route=\/wp\/v2\/pages"}],"about":[{"href":"https:\/\/fomea.fr\/index.php?rest_route=\/wp\/v2\/types\/page"}],"author":[{"embeddable":true,"href":"https:\/\/fomea.fr\/index.php?rest_route=\/wp\/v2\/users\/1"}],"replies":[{"embeddable":true,"href":"https:\/\/fomea.fr\/index.php?rest_route=%2Fwp%2Fv2%2Fcomments&post=2"}],"version-history":[{"count":57,"href":"https:\/\/fomea.fr\/index.php?rest_route=\/wp\/v2\/pages\/2\/revisions"}],"predecessor-version":[{"id":466,"href":"https:\/\/fomea.fr\/index.php?rest_route=\/wp\/v2\/pages\/2\/revisions\/466"}],"wp:attachment":[{"href":"https:\/\/fomea.fr\/index.php?rest_route=%2Fwp%2Fv2%2Fmedia&parent=2"}],"curies":[{"name":"wp","href":"https:\/\/api.w.org\/{rel}","templated":true}]}}