{"id":42,"date":"2024-01-15T17:36:35","date_gmt":"2024-01-15T16:36:35","guid":{"rendered":"https:\/\/fomea.fr\/?page_id=42"},"modified":"2024-05-06T05:53:11","modified_gmt":"2024-05-06T03:53:11","slug":"inscription","status":"publish","type":"page","link":"https:\/\/fomea.fr\/?page_id=42","title":{"rendered":"Contribution"},"content":{"rendered":"<div class=\"wpforms-container wpforms-container-full wpforms-render-modern\" id=\"wpforms-83\"><form id=\"wpforms-form-83\" class=\"wpforms-validate wpforms-form wpforms-ajax-form\" data-formid=\"83\" method=\"post\" enctype=\"multipart\/form-data\" action=\"\/index.php?rest_route=%2Fwp%2Fv2%2Fpages%2F42\" data-token=\"639904e375a4bf6e21e920b977c9af62\"><noscript class=\"wpforms-error-noscript\">Veuillez activer JavaScript dans votre navigateur pour remplir ce formulaire.<\/noscript><div class=\"wpforms-hidden\" id=\"wpforms-error-noscript\">Veuillez activer JavaScript dans votre navigateur pour remplir ce formulaire.<\/div><div class=\"wpforms-field-container\"><div id=\"wpforms-83-field_1-container\" class=\"wpforms-field wpforms-field-name\" data-field-id=\"1\"><fieldset><legend class=\"wpforms-field-label\">Nom <span class=\"wpforms-required-label\" aria-hidden=\"true\">*<\/span><\/legend><div class=\"wpforms-field-row wpforms-field-medium\"><div class=\"wpforms-field-row-block wpforms-first wpforms-one-half\"><input type=\"text\" id=\"wpforms-83-field_1\" class=\"wpforms-field-name-first wpforms-field-required\" name=\"wpforms[fields][1][first]\" aria-errormessage=\"wpforms-83-field_1-error\" required><label for=\"wpforms-83-field_1\" class=\"wpforms-field-sublabel after \">Pr\u00e9nom<\/label><\/div><div class=\"wpforms-field-row-block wpforms-one-half\"><input type=\"text\" id=\"wpforms-83-field_1-last\" class=\"wpforms-field-name-last wpforms-field-required\" name=\"wpforms[fields][1][last]\" aria-errormessage=\"wpforms-83-field_1-last-error\" required><label for=\"wpforms-83-field_1-last\" class=\"wpforms-field-sublabel after \">Nom<\/label><\/div><\/div><\/fieldset><\/div><div id=\"wpforms-83-field_2-container\" class=\"wpforms-field wpforms-field-email\" data-field-id=\"2\"><label class=\"wpforms-field-label\" for=\"wpforms-83-field_2\">Email <span class=\"wpforms-required-label\" aria-hidden=\"true\">*<\/span><\/label><input type=\"email\" id=\"wpforms-83-field_2\" class=\"wpforms-field-medium wpforms-field-required\" name=\"wpforms[fields][2]\" spellcheck=\"false\" aria-errormessage=\"wpforms-83-field_2-error\" required><\/div><div id=\"wpforms-83-field_5-container\" class=\"wpforms-field wpforms-field-number\" data-field-id=\"5\"><label class=\"wpforms-field-label\" for=\"wpforms-83-field_5\">T\u00e9l\u00e9phone <span class=\"wpforms-required-label\" aria-hidden=\"true\">*<\/span><\/label><input type=\"number\" pattern=\"\\d*\" id=\"wpforms-83-field_5\" class=\"wpforms-field-medium wpforms-field-required\" name=\"wpforms[fields][5]\" aria-errormessage=\"wpforms-83-field_5-error\" aria-describedby=\"wpforms-83-field_5-description\" required><div id=\"wpforms-83-field_5-description\" class=\"wpforms-field-description\">Sous la forme d'un nombre sans espaces entre les chiffres et en incluant l'indicatif de votre pays<\/div><\/div><div id=\"wpforms-83-field_4-container\" class=\"wpforms-field wpforms-field-text\" data-field-id=\"4\"><label class=\"wpforms-field-label\" for=\"wpforms-83-field_4\">Institution repr\u00e9sent\u00e9e<\/label><input type=\"text\" id=\"wpforms-83-field_4\" class=\"wpforms-field-medium\" name=\"wpforms[fields][4]\" aria-errormessage=\"wpforms-83-field_4-error\" aria-describedby=\"wpforms-83-field_4-description\" ><div id=\"wpforms-83-field_4-description\" class=\"wpforms-field-description\">Si vous repr\u00e9sentez ou si vous souhaitez rattacher une institution \u00e0 votre contribution, merci de compl\u00e9ter ce champ.<\/div><\/div><div id=\"wpforms-83-field_6-container\" class=\"wpforms-field wpforms-field-radio\" data-field-id=\"6\"><fieldset><legend class=\"wpforms-field-label\">Axes et probl\u00e9matiques <span class=\"wpforms-required-label\" aria-hidden=\"true\">*<\/span><\/legend><ul id=\"wpforms-83-field_6\" class=\"wpforms-field-required\"><li class=\"choice-1 depth-1\"><input type=\"radio\" id=\"wpforms-83-field_6_1\" name=\"wpforms[fields][6]\" value=\"Prise de conscience de l\u2019influence de l\u2019\u00e9conomie sur l\u2019art\" aria-errormessage=\"wpforms-83-field_6_1-error\" aria-describedby=\"wpforms-83-field_6-description\" required ><label class=\"wpforms-field-label-inline\" for=\"wpforms-83-field_6_1\">Prise de conscience de l\u2019influence de l\u2019\u00e9conomie sur l\u2019art<\/label><\/li><li class=\"choice-2 depth-1\"><input type=\"radio\" id=\"wpforms-83-field_6_2\" name=\"wpforms[fields][6]\" value=\"Critique du syst\u00e8me \u00e9conomique existant\" aria-errormessage=\"wpforms-83-field_6_2-error\" aria-describedby=\"wpforms-83-field_6-description\" required ><label class=\"wpforms-field-label-inline\" for=\"wpforms-83-field_6_2\">Critique du syst\u00e8me \u00e9conomique existant<\/label><\/li><li class=\"choice-3 depth-1\"><input type=\"radio\" id=\"wpforms-83-field_6_3\" name=\"wpforms[fields][6]\" value=\"N\u00e9cessit\u00e9 de sortir du syst\u00e8me existant\" aria-errormessage=\"wpforms-83-field_6_3-error\" aria-describedby=\"wpforms-83-field_6-description\" required ><label class=\"wpforms-field-label-inline\" for=\"wpforms-83-field_6_3\">N\u00e9cessit\u00e9 de sortir du syst\u00e8me existant<\/label><\/li><li class=\"choice-6 depth-1\"><input type=\"radio\" id=\"wpforms-83-field_6_6\" name=\"wpforms[fields][6]\" value=\"\u00c9conomies alternatives existant en dehors du domaine de l\u2019art\" aria-errormessage=\"wpforms-83-field_6_6-error\" aria-describedby=\"wpforms-83-field_6-description\" required ><label class=\"wpforms-field-label-inline\" for=\"wpforms-83-field_6_6\">\u00c9conomies alternatives existant en dehors du domaine de l\u2019art<\/label><\/li><li class=\"choice-5 depth-1\"><input type=\"radio\" id=\"wpforms-83-field_6_5\" name=\"wpforms[fields][6]\" value=\"Mod\u00e8les \u00e9conomiques parall\u00e8les au syst\u00e8me existant\" aria-errormessage=\"wpforms-83-field_6_5-error\" aria-describedby=\"wpforms-83-field_6-description\" required ><label class=\"wpforms-field-label-inline\" for=\"wpforms-83-field_6_5\">Mod\u00e8les \u00e9conomiques parall\u00e8les au syst\u00e8me existant<\/label><\/li><li class=\"choice-4 depth-1\"><input type=\"radio\" id=\"wpforms-83-field_6_4\" name=\"wpforms[fields][6]\" value=\"Incubateur de mod\u00e8les \u00e9conomiques adapt\u00e9s \u00e0 des pratiques affranchies des normes de l\u2019art\" aria-errormessage=\"wpforms-83-field_6_4-error\" aria-describedby=\"wpforms-83-field_6-description\" required ><label class=\"wpforms-field-label-inline\" for=\"wpforms-83-field_6_4\">Incubateur de mod\u00e8les \u00e9conomiques adapt\u00e9s \u00e0 des pratiques affranchies des normes de l\u2019art<\/label><\/li><li class=\"choice-7 depth-1\"><input type=\"radio\" id=\"wpforms-83-field_6_7\" name=\"wpforms[fields][6]\" value=\"Laboratoire de cr\u00e9ation de pratiques artistiques \u00e0 partir de mod\u00e8les \u00e9conomiques existant en dehors du domaine de l\u2019art\" aria-errormessage=\"wpforms-83-field_6_7-error\" aria-describedby=\"wpforms-83-field_6-description\" required ><label class=\"wpforms-field-label-inline\" for=\"wpforms-83-field_6_7\">Laboratoire de cr\u00e9ation de pratiques artistiques \u00e0 partir de mod\u00e8les \u00e9conomiques existant en dehors du domaine de l\u2019art<\/label><\/li><\/ul><div id=\"wpforms-83-field_6-description\" class=\"wpforms-field-description\">Vous pouvez participer \u00e0 un ou plusieurs axes. Plusieurs choix sont possibles.<\/div><\/fieldset><\/div><div id=\"wpforms-83-field_7-container\" class=\"wpforms-field wpforms-field-text\" data-field-id=\"7\"><label class=\"wpforms-field-label\" for=\"wpforms-83-field_7\">Titre de votre contribution <span class=\"wpforms-required-label\" aria-hidden=\"true\">*<\/span><\/label><input type=\"text\" id=\"wpforms-83-field_7\" class=\"wpforms-field-medium wpforms-field-required\" name=\"wpforms[fields][7]\" aria-errormessage=\"wpforms-83-field_7-error\" aria-describedby=\"wpforms-83-field_7-description\" required><div id=\"wpforms-83-field_7-description\" class=\"wpforms-field-description\">Il s'agit du titre de votre conf\u00e9rence, d'une table ronde, d'un dialogue ou d'un atelier que vous organisez.<\/div><\/div><div id=\"wpforms-83-field_8-container\" class=\"wpforms-field wpforms-field-textarea\" data-field-id=\"8\"><label class=\"wpforms-field-label\" for=\"wpforms-83-field_8\">Descriptif et d\u00e9tails de votre contribution <span class=\"wpforms-required-label\" aria-hidden=\"true\">*<\/span><\/label><textarea id=\"wpforms-83-field_8\" class=\"wpforms-field-medium wpforms-field-required wpforms-limit-characters-enabled\" data-form-id=\"83\" data-field-id=\"8\" data-text-limit=\"3000\" name=\"wpforms[fields][8]\" aria-errormessage=\"wpforms-83-field_8-error\" aria-describedby=\"wpforms-83-field_8-description\" maxlength=\"3000\" required><\/textarea><div id=\"wpforms-83-field_8-description\" class=\"wpforms-field-description\">Si vous proposez plusieurs contributions, merci de les \u00e9num\u00e9rer et de les d\u00e9crire chacune. <\/div><\/div><div id=\"wpforms-83-field_3-container\" class=\"wpforms-field wpforms-field-textarea\" data-field-id=\"3\"><label class=\"wpforms-field-label\" for=\"wpforms-83-field_3\">Quelles sont vos attentes du forum ?<\/label><textarea id=\"wpforms-83-field_3\" class=\"wpforms-field-medium\" name=\"wpforms[fields][3]\" aria-errormessage=\"wpforms-83-field_3-error\" ><\/textarea><\/div><\/div><!-- .wpforms-field-container --><div class=\"wpforms-submit-container\" ><input type=\"hidden\" name=\"wpforms[id]\" value=\"83\"><input type=\"hidden\" name=\"wpforms[author]\" value=\"1\"><button type=\"submit\" name=\"wpforms[submit]\" id=\"wpforms-submit-83\" class=\"wpforms-submit\" data-alt-text=\"En cours d&#039;envoi ...\" data-submit-text=\"Soumettre\" aria-live=\"assertive\" value=\"wpforms-submit\">Soumettre<\/button><img decoding=\"async\" src=\"https:\/\/fomea.fr\/wp-content\/plugins\/wpforms-lite\/assets\/images\/submit-spin.svg\" class=\"wpforms-submit-spinner\" style=\"display: none;\" width=\"26\" height=\"26\" alt=\"Chargement en cours\"><\/div><\/form><\/div>  <!-- .wpforms-container -->\n","protected":false},"excerpt":{"rendered":"","protected":false},"author":1,"featured_media":0,"parent":0,"menu_order":0,"comment_status":"closed","ping_status":"closed","template":"","meta":{"_monsterinsights_skip_tracking":false,"_monsterinsights_sitenote_active":false,"_monsterinsights_sitenote_note":"","_monsterinsights_sitenote_category":0,"footnotes":""},"blocksy_meta":[],"aioseo_notices":[],"yoast_head":"<!-- This site is optimized with the Yoast SEO plugin v21.8 - https:\/\/yoast.com\/wordpress\/plugins\/seo\/ -->\n<title>Contribution - Fom\u00e9A<\/title>\n<meta name=\"robots\" content=\"index, follow, max-snippet:-1, max-image-preview:large, max-video-preview:-1\" \/>\n<link rel=\"canonical\" href=\"https:\/\/fomea.fr\/?page_id=42\" \/>\n<meta property=\"og:locale\" content=\"fr_FR\" \/>\n<meta property=\"og:type\" content=\"article\" \/>\n<meta property=\"og:title\" content=\"Contribution - Fom\u00e9A\" \/>\n<meta property=\"og:url\" content=\"https:\/\/fomea.fr\/?page_id=42\" \/>\n<meta property=\"og:site_name\" content=\"Fom\u00e9A\" \/>\n<meta property=\"article:modified_time\" content=\"2024-05-06T03:53:11+00:00\" \/>\n<meta name=\"twitter:card\" content=\"summary_large_image\" \/>\n<meta name=\"twitter:label1\" content=\"Dur\u00e9e de lecture estim\u00e9e\" \/>\n\t<meta name=\"twitter:data1\" content=\"1 minute\" \/>\n<script type=\"application\/ld+json\" class=\"yoast-schema-graph\">{\"@context\":\"https:\/\/schema.org\",\"@graph\":[{\"@type\":\"WebPage\",\"@id\":\"https:\/\/fomea.fr\/?page_id=42\",\"url\":\"https:\/\/fomea.fr\/?page_id=42\",\"name\":\"Contribution - Fom\u00e9A\",\"isPartOf\":{\"@id\":\"https:\/\/fomea.fr\/#website\"},\"datePublished\":\"2024-01-15T16:36:35+00:00\",\"dateModified\":\"2024-05-06T03:53:11+00:00\",\"breadcrumb\":{\"@id\":\"https:\/\/fomea.fr\/?page_id=42#breadcrumb\"},\"inLanguage\":\"fr-FR\",\"potentialAction\":[{\"@type\":\"ReadAction\",\"target\":[\"https:\/\/fomea.fr\/?page_id=42\"]}]},{\"@type\":\"BreadcrumbList\",\"@id\":\"https:\/\/fomea.fr\/?page_id=42#breadcrumb\",\"itemListElement\":[{\"@type\":\"ListItem\",\"position\":1,\"name\":\"Accueil\",\"item\":\"https:\/\/fomea.fr\/\"},{\"@type\":\"ListItem\",\"position\":2,\"name\":\"Contribution\"}]},{\"@type\":\"WebSite\",\"@id\":\"https:\/\/fomea.fr\/#website\",\"url\":\"https:\/\/fomea.fr\/\",\"name\":\"Fom\u00e9A\",\"description\":\"Forum mondial des \u00e9conomies de l&#039;Art\",\"potentialAction\":[{\"@type\":\"SearchAction\",\"target\":{\"@type\":\"EntryPoint\",\"urlTemplate\":\"https:\/\/fomea.fr\/?s={search_term_string}\"},\"query-input\":\"required name=search_term_string\"}],\"inLanguage\":\"fr-FR\"}]}<\/script>\n<!-- \/ Yoast SEO plugin. -->","yoast_head_json":{"title":"Contribution - Fom\u00e9A","robots":{"index":"index","follow":"follow","max-snippet":"max-snippet:-1","max-image-preview":"max-image-preview:large","max-video-preview":"max-video-preview:-1"},"canonical":"https:\/\/fomea.fr\/?page_id=42","og_locale":"fr_FR","og_type":"article","og_title":"Contribution - Fom\u00e9A","og_url":"https:\/\/fomea.fr\/?page_id=42","og_site_name":"Fom\u00e9A","article_modified_time":"2024-05-06T03:53:11+00:00","twitter_card":"summary_large_image","twitter_misc":{"Dur\u00e9e de lecture estim\u00e9e":"1 minute"},"schema":{"@context":"https:\/\/schema.org","@graph":[{"@type":"WebPage","@id":"https:\/\/fomea.fr\/?page_id=42","url":"https:\/\/fomea.fr\/?page_id=42","name":"Contribution - Fom\u00e9A","isPartOf":{"@id":"https:\/\/fomea.fr\/#website"},"datePublished":"2024-01-15T16:36:35+00:00","dateModified":"2024-05-06T03:53:11+00:00","breadcrumb":{"@id":"https:\/\/fomea.fr\/?page_id=42#breadcrumb"},"inLanguage":"fr-FR","potentialAction":[{"@type":"ReadAction","target":["https:\/\/fomea.fr\/?page_id=42"]}]},{"@type":"BreadcrumbList","@id":"https:\/\/fomea.fr\/?page_id=42#breadcrumb","itemListElement":[{"@type":"ListItem","position":1,"name":"Accueil","item":"https:\/\/fomea.fr\/"},{"@type":"ListItem","position":2,"name":"Contribution"}]},{"@type":"WebSite","@id":"https:\/\/fomea.fr\/#website","url":"https:\/\/fomea.fr\/","name":"Fom\u00e9A","description":"Forum mondial des \u00e9conomies de l&#039;Art","potentialAction":[{"@type":"SearchAction","target":{"@type":"EntryPoint","urlTemplate":"https:\/\/fomea.fr\/?s={search_term_string}"},"query-input":"required name=search_term_string"}],"inLanguage":"fr-FR"}]}},"_links":{"self":[{"href":"https:\/\/fomea.fr\/index.php?rest_route=\/wp\/v2\/pages\/42"}],"collection":[{"href":"https:\/\/fomea.fr\/index.php?rest_route=\/wp\/v2\/pages"}],"about":[{"href":"https:\/\/fomea.fr\/index.php?rest_route=\/wp\/v2\/types\/page"}],"author":[{"embeddable":true,"href":"https:\/\/fomea.fr\/index.php?rest_route=\/wp\/v2\/users\/1"}],"replies":[{"embeddable":true,"href":"https:\/\/fomea.fr\/index.php?rest_route=%2Fwp%2Fv2%2Fcomments&post=42"}],"version-history":[{"count":7,"href":"https:\/\/fomea.fr\/index.php?rest_route=\/wp\/v2\/pages\/42\/revisions"}],"predecessor-version":[{"id":272,"href":"https:\/\/fomea.fr\/index.php?rest_route=\/wp\/v2\/pages\/42\/revisions\/272"}],"wp:attachment":[{"href":"https:\/\/fomea.fr\/index.php?rest_route=%2Fwp%2Fv2%2Fmedia&parent=42"}],"curies":[{"name":"wp","href":"https:\/\/api.w.org\/{rel}","templated":true}]}}